{"id":463,"date":"2024-06-13T18:48:10","date_gmt":"2024-06-13T16:48:10","guid":{"rendered":"https:\/\/vetsandpetstrading.com\/farmina-pa\/?post_type=product&#038;p=463"},"modified":"2024-06-13T23:17:42","modified_gmt":"2024-06-13T21:17:42","slug":"pollo-y-granada-kitten","status":"publish","type":"product","link":"https:\/\/vetsandpetstrading.com\/farmina-pa\/producto\/pollo-y-granada-kitten\/","title":{"rendered":"POLLO Y GRANADA KITTEN"},"content":{"rendered":"<div class=\"intro\">\n<div class=\"intro\">\n<div class=\"intro\">\n<div class=\"intro\">\n<div class=\"intro\">\n<div class=\"intro\">\n<p>Alimento completo y balanceado para gatitos y para hembras en gestaci\u00f3n y lactancia<\/p>\n<\/div>\n<\/div>\n<\/div>\n<\/div>\n<\/div>\n<\/div>\n<p><img decoding=\"async\" class=\"alignnone size-full wp-image-447\" src=\"https:\/\/vetsandpetstrading.com\/farmina-pa\/wp-content\/uploads\/sites\/14\/2024\/06\/90-0-0.png\" alt=\"\" width=\"651\" height=\"76\" srcset=\"https:\/\/vetsandpetstrading.com\/farmina-pa\/wp-content\/uploads\/sites\/14\/2024\/06\/90-0-0.png 651w, https:\/\/vetsandpetstrading.com\/farmina-pa\/wp-content\/uploads\/sites\/14\/2024\/06\/90-0-0-300x35.png 300w, https:\/\/vetsandpetstrading.com\/farmina-pa\/wp-content\/uploads\/sites\/14\/2024\/06\/90-0-0-600x70.png 600w\" sizes=\"(max-width: 651px) 100vw, 651px\" \/><\/p>\n<p><a class=\"button\" target=\"_blank\" href=\"https:\/\/vetsandpetstrading.com\/farmina-pa\/wp-content\/uploads\/sites\/14\/2024\/06\/422_47_tabela-quantidades-diarias-ancestral-grain-feline-kitten-frango.pdf\" rel=\"noopener\">GU\u00cdA DE ALIMENTACI\u00d3N<\/a><\/p>\n<div class=\"attiva\">\n<div class=\"etichetta\">\n<div class=\"formato-linea\">\n<div class=\"attiva\">\n<div class=\"etichetta\">\n<div class=\"formato-linea\">\n<div class=\"attiva\">\n<div class=\"etichetta\">\n<div class=\"formato-linea\">\n<div class=\"attiva\">\n<div class=\"etichetta\">\n<div class=\"formato-linea\">\n<div class=\"attiva\">\n<div class=\"etichetta\">\n<div class=\"formato-linea\">\n<div class=\"attiva\">\n<div class=\"etichetta\">\n<div class=\"formato-linea\">\n<div class=\"attiva\">\n<div class=\"etichetta\">\n<div class=\"formato-linea\">\n<div class=\"attiva\">\n<div class=\"etichetta\">\n<div class=\"formato-linea\">\n<div class=\"attiva\">\n<div class=\"etichetta\">\n<div class=\"formato-linea\">\n<div class=\"attiva\">\n<div class=\"etichetta\">\n<div class=\"formato-linea\">DISPONIBLE EN ESTOS TAMA\u00d1OS 1.5KG &#8211; 7.5KG<\/div>\n<\/div>\n<\/div>\n<\/div>\n<\/div>\n<\/div>\n<\/div>\n<\/div>\n<\/div>\n<\/div>\n<\/div>\n<\/div>\n<\/div>\n<\/div>\n<\/div>\n<\/div>\n<\/div>\n<\/div>\n<\/div>\n<\/div>\n<\/div>\n<\/div>\n<\/div>\n<\/div>\n<\/div>\n<\/div>\n<\/div>\n<\/div>\n<\/div>\n<\/div>\n","protected":false},"excerpt":{"rendered":"<p>carne de pollo (mec\u00e1nicamente separada), harina de v\u00edsceras de aves (m\u00edn. 10%), huevo deshidratado, harina de pescado, harina de torrezno (prote\u00edna aislada de cerdo), sorgo, avena (m\u00edn. 0,5%), cebada (m\u00edn. 0,5%), aceite de pollo, aceite de pescado, pulpa de remolacha, c\u00e1scara de guisante, alfalfa deshidratada, lignocelulosa, semilla de psyllium, levadura seca de cervecer\u00eda, zanahoria deshidratada, espinaca deshidratada, naranja deshidratada, manzana deshidratada, ar\u00e1ndano deshidratado, extracto de granada (m\u00edn. 0,08%), extracto de t\u00e9 verde, extracto de aloe vera, c\u00farcuma en polvo, beta caroteno, aditivos prebi\u00f3ticos (FOS y MOS), DL-metionina, taurina, L-carnitina, sulfato de condroitina, sulfato de glucosamina, aditivos adsorbentes (extracto de yucca y zeolita), hidrolizado de h\u00edgado de pollo y cerdo, vitaminas (A, D3, E, B1, B2, B6, B12, C, biotina, niacina, \u00e1cido pantot\u00e9nico, \u00e1cido f\u00f3lico, cloruro de colina), fosfato bic\u00e1lcico, \u00e1cido fosf\u00f3rico, carbonato de calcio, cloruro de potasio, hierro amino\u00e1cido quelato, cobre amino\u00e1cido quelato, zinc amino\u00e1cido quelato, manganeso amino\u00e1cido quelato, proteinato de selenio, yodato de calcio, propionato de calcio, concentrado de tocoferoles.<br \/>\nEventuales sustitutivos: prote\u00edna hidrolizada de pescado, prote\u00edna hidrolizada de pollo.<\/p>\n","protected":false},"featured_media":465,"template":"","meta":{"site-sidebar-layout":"default","site-content-layout":"","ast-site-content-layout":"default","site-content-style":"default","site-sidebar-style":"default","ast-global-header-display":"","ast-banner-title-visibility":"","ast-main-header-display":"","ast-hfb-above-header-display":"","ast-hfb-below-header-display":"","ast-hfb-mobile-header-display":"","site-post-title":"","ast-breadcrumbs-content":"","ast-featured-img":"","footer-sml-layout":"","ast-disable-related-posts":"","theme-transparent-header-meta":"default","adv-header-id-meta":"","stick-header-meta":"","header-above-stick-meta":"","header-main-stick-meta":"","header-below-stick-meta":"","astra-migrate-meta-layouts":"set","ast-page-background-enabled":"default","ast-page-background-meta":{"desktop":{"background-color":"var(--ast-global-color-4)","background-image":"","background-repeat":"repeat","background-position":"center center","background-size":"auto","background-attachment":"scroll","background-type":"","background-media":"","overlay-type":"","overlay-color":"","overlay-opacity":"","overlay-gradient":""},"tablet":{"background-color":"","background-image":"","background-repeat":"repeat","background-position":"center center","background-size":"auto","background-attachment":"scroll","background-type":"","background-media":"","overlay-type":"","overlay-color":"","overlay-opacity":"","overlay-gradient":""},"mobile":{"background-color":"","background-image":"","background-repeat":"repeat","background-position":"center center","background-size":"auto","background-attachment":"scroll","background-type":"","background-media":"","overlay-type":"","overlay-color":"","overlay-opacity":"","overlay-gradient":""}},"ast-content-background-meta":{"desktop":{"background-color":"var(--ast-global-color-5)","background-image":"","background-repeat":"repeat","background-position":"center center","background-size":"auto","background-attachment":"scroll","background-type":"","background-media":"","overlay-type":"","overlay-color":"","overlay-opacity":"","overlay-gradient":""},"tablet":{"background-color":"var(--ast-global-color-5)","background-image":"","background-repeat":"repeat","background-position":"center center","background-size":"auto","background-attachment":"scroll","background-type":"","background-media":"","overlay-type":"","overlay-color":"","overlay-opacity":"","overlay-gradient":""},"mobile":{"background-color":"var(--ast-global-color-5)","background-image":"","background-repeat":"repeat","background-position":"center center","background-size":"auto","background-attachment":"scroll","background-type":"","background-media":"","overlay-type":"","overlay-color":"","overlay-opacity":"","overlay-gradient":""}},"_joinchat":[]},"product_brand":[],"product_cat":[26,24],"product_tag":[],"class_list":{"0":"post-463","1":"product","2":"type-product","3":"status-publish","4":"has-post-thumbnail","6":"product_cat-gatos","7":"product_cat-nd-ancestral","8":"desktop-align-left","9":"tablet-align-left","10":"mobile-align-left","12":"first","13":"instock","14":"shipping-taxable","15":"product-type-simple"},"_links":{"self":[{"href":"https:\/\/vetsandpetstrading.com\/farmina-pa\/wp-json\/wp\/v2\/product\/463","targetHints":{"allow":["GET"]}}],"collection":[{"href":"https:\/\/vetsandpetstrading.com\/farmina-pa\/wp-json\/wp\/v2\/product"}],"about":[{"href":"https:\/\/vetsandpetstrading.com\/farmina-pa\/wp-json\/wp\/v2\/types\/product"}],"wp:featuredmedia":[{"embeddable":true,"href":"https:\/\/vetsandpetstrading.com\/farmina-pa\/wp-json\/wp\/v2\/media\/465"}],"wp:attachment":[{"href":"https:\/\/vetsandpetstrading.com\/farmina-pa\/wp-json\/wp\/v2\/media?parent=463"}],"wp:term":[{"taxonomy":"product_brand","embeddable":true,"href":"https:\/\/vetsandpetstrading.com\/farmina-pa\/wp-json\/wp\/v2\/product_brand?post=463"},{"taxonomy":"product_cat","embeddable":true,"href":"https:\/\/vetsandpetstrading.com\/farmina-pa\/wp-json\/wp\/v2\/product_cat?post=463"},{"taxonomy":"product_tag","embeddable":true,"href":"https:\/\/vetsandpetstrading.com\/farmina-pa\/wp-json\/wp\/v2\/product_tag?post=463"}],"curies":[{"name":"wp","href":"https:\/\/api.w.org\/{rel}","templated":true}]}}