{"id":523,"date":"2024-06-13T21:58:46","date_gmt":"2024-06-13T19:58:46","guid":{"rendered":"https:\/\/vetsandpetstrading.com\/farmina-pa\/?post_type=product&#038;p=523"},"modified":"2024-06-13T23:18:18","modified_gmt":"2024-06-13T21:18:18","slug":"pollo-granada-adulto","status":"publish","type":"product","link":"https:\/\/vetsandpetstrading.com\/farmina-pa\/producto\/pollo-granada-adulto\/","title":{"rendered":"POLLO &#038; GRANADA ADULTO"},"content":{"rendered":"<div class=\"intro\">\n<div class=\"intro\">\n<p>Pollo y granada receta.<br \/>\nAlimento completo para gatos adultos.<\/p>\n<\/div>\n<\/div>\n<p><img decoding=\"async\" class=\"alignnone size-full wp-image-394\" src=\"https:\/\/vetsandpetstrading.com\/farmina-pa\/wp-content\/uploads\/sites\/14\/2024\/06\/Captura-1.png\" alt=\"\" width=\"655\" height=\"70\" srcset=\"https:\/\/vetsandpetstrading.com\/farmina-pa\/wp-content\/uploads\/sites\/14\/2024\/06\/Captura-1.png 655w, https:\/\/vetsandpetstrading.com\/farmina-pa\/wp-content\/uploads\/sites\/14\/2024\/06\/Captura-1-300x32.png 300w, https:\/\/vetsandpetstrading.com\/farmina-pa\/wp-content\/uploads\/sites\/14\/2024\/06\/Captura-1-600x64.png 600w\" sizes=\"(max-width: 655px) 100vw, 655px\" \/><\/p>\n<p><a class=\"button\" target=\"_blank\" href=\"https:\/\/vetsandpetstrading.com\/farmina-pa\/wp-content\/uploads\/sites\/14\/2024\/06\/145_49_nd-prime-feline-2-chicken.pdf\" rel=\"noopener\">GU\u00cdA DE ALIMENTACI\u00d3N<\/a><\/p>\n<div class=\"attiva\">\n<div class=\"etichetta\">\n<div class=\"formato-linea\">DISPONIBLE EN FORMATOS DE 300G &#8211; 1,5KG &#8211; 5KG -10KG<\/div>\n<\/div>\n<\/div>\n","protected":false},"excerpt":{"rendered":"<p>Pollo deshuesado (30%), prote\u00edna de pollo deshidratada (28%), batata, grasa de pollo, huevo deshidratado, arenque, prote\u00edna de arenque deshidratada, aceite de pescado (de arenque), fibra de guisante, zanahorias deshidratadas, harina de alfalfa, inulina, fructo-oligosac\u00e1ridos, extracto de levadura (fuente de manno-oligosac\u00e1ridos), granada deshidratada (0. 5%), manzana deshidratada, espinacas deshidratadas, c\u00e1scaras y semillas de psilio (0,3%), naranja dulce deshidratada, ar\u00e1ndanos deshidratados, cloruro de sodio, levadura de cerveza deshidratada, c\u00farcuma (0,2%), extracto de aloe vera.<\/p>\n","protected":false},"featured_media":525,"template":"","meta":{"site-sidebar-layout":"default","site-content-layout":"","ast-site-content-layout":"default","site-content-style":"default","site-sidebar-style":"default","ast-global-header-display":"","ast-banner-title-visibility":"","ast-main-header-display":"","ast-hfb-above-header-display":"","ast-hfb-below-header-display":"","ast-hfb-mobile-header-display":"","site-post-title":"","ast-breadcrumbs-content":"","ast-featured-img":"","footer-sml-layout":"","ast-disable-related-posts":"","theme-transparent-header-meta":"default","adv-header-id-meta":"","stick-header-meta":"","header-above-stick-meta":"","header-main-stick-meta":"","header-below-stick-meta":"","astra-migrate-meta-layouts":"set","ast-page-background-enabled":"default","ast-page-background-meta":{"desktop":{"background-color":"var(--ast-global-color-4)","background-image":"","background-repeat":"repeat","background-position":"center center","background-size":"auto","background-attachment":"scroll","background-type":"","background-media":"","overlay-type":"","overlay-color":"","overlay-opacity":"","overlay-gradient":""},"tablet":{"background-color":"","background-image":"","background-repeat":"repeat","background-position":"center center","background-size":"auto","background-attachment":"scroll","background-type":"","background-media":"","overlay-type":"","overlay-color":"","overlay-opacity":"","overlay-gradient":""},"mobile":{"background-color":"","background-image":"","background-repeat":"repeat","background-position":"center center","background-size":"auto","background-attachment":"scroll","background-type":"","background-media":"","overlay-type":"","overlay-color":"","overlay-opacity":"","overlay-gradient":""}},"ast-content-background-meta":{"desktop":{"background-color":"var(--ast-global-color-5)","background-image":"","background-repeat":"repeat","background-position":"center center","background-size":"auto","background-attachment":"scroll","background-type":"","background-media":"","overlay-type":"","overlay-color":"","overlay-opacity":"","overlay-gradient":""},"tablet":{"background-color":"var(--ast-global-color-5)","background-image":"","background-repeat":"repeat","background-position":"center center","background-size":"auto","background-attachment":"scroll","background-type":"","background-media":"","overlay-type":"","overlay-color":"","overlay-opacity":"","overlay-gradient":""},"mobile":{"background-color":"var(--ast-global-color-5)","background-image":"","background-repeat":"repeat","background-position":"center center","background-size":"auto","background-attachment":"scroll","background-type":"","background-media":"","overlay-type":"","overlay-color":"","overlay-opacity":"","overlay-gradient":""}},"_joinchat":[]},"product_brand":[],"product_cat":[26,21],"product_tag":[],"class_list":{"0":"post-523","1":"product","2":"type-product","3":"status-publish","4":"has-post-thumbnail","6":"product_cat-gatos","7":"product_cat-nd-prime","8":"desktop-align-left","9":"tablet-align-left","10":"mobile-align-left","12":"first","13":"instock","14":"shipping-taxable","15":"product-type-simple"},"_links":{"self":[{"href":"https:\/\/vetsandpetstrading.com\/farmina-pa\/wp-json\/wp\/v2\/product\/523","targetHints":{"allow":["GET"]}}],"collection":[{"href":"https:\/\/vetsandpetstrading.com\/farmina-pa\/wp-json\/wp\/v2\/product"}],"about":[{"href":"https:\/\/vetsandpetstrading.com\/farmina-pa\/wp-json\/wp\/v2\/types\/product"}],"wp:featuredmedia":[{"embeddable":true,"href":"https:\/\/vetsandpetstrading.com\/farmina-pa\/wp-json\/wp\/v2\/media\/525"}],"wp:attachment":[{"href":"https:\/\/vetsandpetstrading.com\/farmina-pa\/wp-json\/wp\/v2\/media?parent=523"}],"wp:term":[{"taxonomy":"product_brand","embeddable":true,"href":"https:\/\/vetsandpetstrading.com\/farmina-pa\/wp-json\/wp\/v2\/product_brand?post=523"},{"taxonomy":"product_cat","embeddable":true,"href":"https:\/\/vetsandpetstrading.com\/farmina-pa\/wp-json\/wp\/v2\/product_cat?post=523"},{"taxonomy":"product_tag","embeddable":true,"href":"https:\/\/vetsandpetstrading.com\/farmina-pa\/wp-json\/wp\/v2\/product_tag?post=523"}],"curies":[{"name":"wp","href":"https:\/\/api.w.org\/{rel}","templated":true}]}}